{"id":459,"date":"2022-06-14T18:04:45","date_gmt":"2022-06-14T18:04:45","guid":{"rendered":"https:\/\/themelocker.tech\/crysa\/?page_id=459"},"modified":"2024-08-23T19:30:43","modified_gmt":"2024-08-23T19:30:43","slug":"salas-operacionales","status":"publish","type":"page","link":"https:\/\/cybernet.com.co\/index.php\/salas-operacionales\/","title":{"rendered":"Salas Operacionales"},"content":{"rendered":"\t\t<div data-elementor-type=\"wp-page\" data-elementor-id=\"459\" class=\"elementor elementor-459\" data-elementor-post-type=\"page\">\n\t\t\t\t\t\t<section class=\"elementor-section elementor-top-section elementor-element elementor-element-91e8f31 elementor-section-full_width elementor-section-stretched elementor-section-height-default elementor-section-height-default\" data-id=\"91e8f31\" data-element_type=\"section\" data-settings=\"{&quot;stretch_section&quot;:&quot;section-stretched&quot;,&quot;background_background&quot;:&quot;classic&quot;}\">\n\t\t\t\t\t\t<div class=\"elementor-container elementor-column-gap-no\">\n\t\t\t\t\t<div class=\"elementor-column elementor-col-100 elementor-top-column elementor-element elementor-element-5af5fd5\" data-id=\"5af5fd5\" data-element_type=\"column\">\n\t\t\t<div class=\"elementor-widget-wrap elementor-element-populated\">\n\t\t\t\t\t\t<div class=\"elementor-element elementor-element-4b71950 elementor-widget elementor-widget-crysa_accordian\" data-id=\"4b71950\" data-element_type=\"widget\" data-widget_type=\"crysa_accordian.default\">\n\t\t\t\t<div class=\"elementor-widget-container\">\n\t\t\t\r\n    <!-- Start Faq \r\n    ============================================= -->\r\n    <div class=\"faq-area bg-gray\">\r\n        <!-- Start Shape -->\r\n        <div class=\"shape\">\r\n            <div class=\"circle-shape\"><\/div>\r\n            <div class=\"circle-shape\"><\/div>\r\n        <\/div>\r\n        <!-- End  Shape -->\r\n        <div class=\"container\">\r\n            <div class=\"row align-center\">\r\n                <div class=\"col-lg-6 faq-style-one\">\r\n                    <div class=\"thumb\">\r\n                        <img decoding=\"async\" src=\"https:\/\/cybernet.com.co\/wp-content\/uploads\/2024\/06\/adecuacion-e1719349886777.jpg\" alt=\"Cybernet\">\r\n                    <\/div>\r\n                <\/div>\r\n                <div class=\"col-lg-6 faq-style-one\">\r\n                    <div class=\"heading-left\">\r\n                        <h4 class=\"sub-title\"><\/h4>\r\n            \t\t\t<h2 class=\"heading\">Salas Operacionales<\/h2>\r\n                    <\/div>\r\n                    <div class=\"accordion\" id=\"faqAccordion\">\r\n                        \t\t\t\t            <div class=\"accordion-item\">\r\n\t\t\t\t               <h2 class=\"accordion-header\" id=\"heading1\">\r\n\t\t\t\t                  <button class=\"accordion-button \" type=\"button\" data-bs-toggle=\"collapse\" data-bs-target=\"#collapse1\" aria-expanded=\"true\" aria-controls=\"collapse1\">\r\n\t\t\t\t                    Una necesidad en la Atenci\u00f3n de emergencias\t\t\t\t                  <\/button>\r\n\t\t\t\t               <\/h2>\r\n\t\t\t\t               <div id=\"collapse1\" class=\"accordion-collapse collapse show\" aria-labelledby=\"heading1\" data-bs-parent=\"#faqAccordion\">\r\n\t\t\t\t                  <div class=\"accordion-body\">\r\n\t\t\t\t                        <p>\r\n\t\t\t\t                            Las salas operacionales son centros neur\u00e1lgicos para la toma de decisiones y la gesti\u00f3n de operaciones complejas.<br>\n<br>\n\n\u2022 Dise\u00f1o ergon\u00f3mico y funcional del espacio<br>\n\u2022 Integraci\u00f3n de sistemas de visualizaci\u00f3n y comunicaci\u00f3n<br>\n\u2022 Implementaci\u00f3n de tecnolog\u00edas de colaboraci\u00f3n<br>\n\u2022 Desarrollo de flujos de trabajo eficientes<br>\t\t\t\t                        <\/p>\r\n\t\t\t\t                  <\/div>\r\n\t\t\t\t               <\/div>\r\n\t\t\t\t            <\/div>\r\n\t\t\t            \t\t\t\t            <div class=\"accordion-item\">\r\n\t\t\t\t               <h2 class=\"accordion-header\" id=\"heading2\">\r\n\t\t\t\t                  <button class=\"accordion-button collapsed\" type=\"button\" data-bs-toggle=\"collapse\" data-bs-target=\"#collapse2\" aria-expanded=\"true\" aria-controls=\"collapse2\">\r\n\t\t\t\t                    Tecnolog\u00edas clave:\n\t\t\t\t                  <\/button>\r\n\t\t\t\t               <\/h2>\r\n\t\t\t\t               <div id=\"collapse2\" class=\"accordion-collapse collapse\" aria-labelledby=\"heading2\" data-bs-parent=\"#faqAccordion\">\r\n\t\t\t\t                  <div class=\"accordion-body\">\r\n\t\t\t\t                        <p>\r\n\t\t\t\t                            \u2022 Pantallas de visualizaci\u00f3n de gran formato<br>\n\u2022 Sistemas de gesti\u00f3n de informaci\u00f3n en tiempo real<br>\n\u2022 Soluciones de videoconferencia y colaboraci\u00f3n remota<br>\n\u2022 Software de an\u00e1lisis y apoyo a la toma de decisiones<br>\n\u2022 Sistemas de redundancia y continuidad operativa<br>\t\t\t\t                        <\/p>\r\n\t\t\t\t                  <\/div>\r\n\t\t\t\t               <\/div>\r\n\t\t\t\t            <\/div>\r\n\t\t\t                                <\/div>\r\n                <\/div>\r\n\r\n            <\/div>\r\n        <\/div>\r\n    <\/div>\r\n    <!-- End Faq Area -->\r\n\t\t\t<\/div>\n\t\t\t\t<\/div>\n\t\t\t\t\t<\/div>\n\t\t<\/div>\n\t\t\t\t\t<\/div>\n\t\t<\/section>\n\t\t\t\t<section class=\"elementor-section elementor-top-section elementor-element elementor-element-2644abc elementor-section-full_width elementor-section-stretched elementor-section-height-default elementor-section-height-default\" data-id=\"2644abc\" data-element_type=\"section\" data-settings=\"{&quot;stretch_section&quot;:&quot;section-stretched&quot;,&quot;background_background&quot;:&quot;classic&quot;}\">\n\t\t\t\t\t\t<div class=\"elementor-container elementor-column-gap-no\">\n\t\t\t\t\t<div class=\"elementor-column elementor-col-100 elementor-top-column elementor-element elementor-element-1b5868d\" data-id=\"1b5868d\" data-element_type=\"column\">\n\t\t\t<div class=\"elementor-widget-wrap elementor-element-populated\">\n\t\t\t\t\t\t<div class=\"elementor-element elementor-element-d53107d elementor-widget elementor-widget-crysa_service\" data-id=\"d53107d\" data-element_type=\"widget\" data-widget_type=\"crysa_service.default\">\n\t\t\t\t<div class=\"elementor-widget-container\">\n\t\t\t\r\n    <!-- Start Services Style Two\r\n    ============================================= -->\r\n   \t<div class=\"services-style-two-area text-light\">\r\n   \t\t\t        <!-- Shape -->\r\n\t        <div class=\"shape\" style=\"background-image: url(https:\/\/themelocker.tech\/crysa\/wp-content\/uploads\/2022\/06\/29.png);\"><\/div>\r\n\t        <!-- End Shape -->\r\n                <div class=\"container\">\r\n            <div class=\"heading-left\">\r\n                <div class=\"row\">\r\n                    <div class=\"col-lg-5\">\r\n                    \t                                                <h2 class=\"heading\">SALAS<br>\nOPERACIONALES<\/h2>\r\n                                            <\/div>\r\n                                        <div class=\"col-lg-6 offset-lg-1\">\r\n                        <p>\r\n                            Las salas operacionales son vitales en sectores como control de tr\u00e1fico a\u00e9reo, operaciones militares, gesti\u00f3n de servicios p\u00fablicos, centros de control de misiones espaciales y monitoreo de seguridad urbana.                        <\/p>\r\n                    <\/div>\r\n                                    <\/div>\r\n            <\/div>\r\n        <\/div>\r\n        <div class=\"container\">\r\n            <div class=\"row\">\r\n                <div class=\"col-md-12\">\r\n                    <div class=\"services-carousel text-center swiper\">\r\n                        <!-- Additional required wrapper -->\r\n                        <div class=\"swiper-wrapper\">\r\n                        \t                            <!-- Single Item -->\r\n                            <div class=\"swiper-slide\">\r\n                                <div class=\"services-style-two\">\r\n                                    <a href=\"https:\/\/cybernet.com.co\/index.php\/comando_y_control\/\">\r\n                                        \t\t\t                                <i class=\"flaticon-tech-service\"><\/i>\r\n\t\t\t                            \t\t\t                            \t\t\t                                                                    <h5>Dise\u00f1o<\/h5>\r\n                                    <\/a>\r\n                                <\/div>\r\n                            <\/div>\r\n                            <!-- End Single Item -->\r\n                                                        <!-- Single Item -->\r\n                            <div class=\"swiper-slide\">\r\n                                <div class=\"services-style-two\">\r\n                                    <a href=\"https:\/\/cybernet.com.co\/index.php\/comando_y_control\/\">\r\n                                        \t\t\t                                <i class=\"flaticon-plan\"><\/i>\r\n\t\t\t                            \t\t\t                            \t\t\t                                                                    <h5>Planificaci\u00f3n<\/h5>\r\n                                    <\/a>\r\n                                <\/div>\r\n                            <\/div>\r\n                            <!-- End Single Item -->\r\n                                                        <!-- Single Item -->\r\n                            <div class=\"swiper-slide\">\r\n                                <div class=\"services-style-two\">\r\n                                    <a href=\"https:\/\/cybernet.com.co\/index.php\/comando_y_control\/\">\r\n                                        \t\t\t                                <i class=\"flaticon-startup\"><\/i>\r\n\t\t\t                            \t\t\t                            \t\t\t                                                                    <h5>Tecnolog\u00edas<\/h5>\r\n                                    <\/a>\r\n                                <\/div>\r\n                            <\/div>\r\n                            <!-- End Single Item -->\r\n                                                        <!-- Single Item -->\r\n                            <div class=\"swiper-slide\">\r\n                                <div class=\"services-style-two\">\r\n                                    <a href=\"https:\/\/cybernet.com.co\/index.php\/comando_y_control\/\">\r\n                                        \t\t\t                                <i class=\"flaticon-data-processing\"><\/i>\r\n\t\t\t                            \t\t\t                            \t\t\t                                                                    <h5>Software<\/h5>\r\n                                    <\/a>\r\n                                <\/div>\r\n                            <\/div>\r\n                            <!-- End Single Item -->\r\n                                                        <!-- Single Item -->\r\n                            <div class=\"swiper-slide\">\r\n                                <div class=\"services-style-two\">\r\n                                    <a href=\"https:\/\/cybernet.com.co\/index.php\/comando_y_control\/\">\r\n                                        \t\t\t                                <i class=\"flaticon-smart-home\"><\/i>\r\n\t\t\t                            \t\t\t                            \t\t\t                                                                    <h5>Integraci\u00f3n<\/h5>\r\n                                    <\/a>\r\n                                <\/div>\r\n                            <\/div>\r\n                            <!-- End Single Item -->\r\n                                                \t<\/div>\r\n                \t<\/div>\r\n            \t<\/div>\r\n        \t<\/div>\r\n        <\/div>\r\n            <\/div>\r\n    <!-- End Services Area Style Two -->\r\n    \t\t<\/div>\n\t\t\t\t<\/div>\n\t\t\t\t\t<\/div>\n\t\t<\/div>\n\t\t\t\t\t<\/div>\n\t\t<\/section>\n\t\t\t\t<section class=\"elementor-section elementor-top-section elementor-element elementor-element-a8ccd31 elementor-section-full_width elementor-section-stretched elementor-section-height-default elementor-section-height-default\" data-id=\"a8ccd31\" data-element_type=\"section\" data-settings=\"{&quot;stretch_section&quot;:&quot;section-stretched&quot;}\">\n\t\t\t\t\t\t<div class=\"elementor-container elementor-column-gap-no\">\n\t\t\t\t\t<div class=\"elementor-column elementor-col-100 elementor-top-column elementor-element elementor-element-a315901\" data-id=\"a315901\" data-element_type=\"column\">\n\t\t\t<div class=\"elementor-widget-wrap elementor-element-populated\">\n\t\t\t\t\t\t<div class=\"elementor-element elementor-element-94a9833 elementor-widget elementor-widget-crysa_choose\" data-id=\"94a9833\" data-element_type=\"widget\" data-widget_type=\"crysa_choose.default\">\n\t\t\t\t<div class=\"elementor-widget-container\">\n\t\t\t    <!-- Start Choose Us Style Two\r\n    ============================================= -->\r\n    <div class=\"choose-us-area\">\r\n                <div class=\"container\">\r\n            <div class=\"choose-us-style-two-box\">\r\n                <div class=\"row\">\r\n                \t                    <!-- Single Item -->\r\n                    <div class=\"col-xl-4 col-md-6 choose-us-card-two\">\r\n                        <div class=\"choose-us-style-two\">\r\n                            <div class=\"thumb\">\r\n                                <img decoding=\"async\" src=\"https:\/\/cybernet.com.co\/wp-content\/uploads\/2024\/06\/pub-e1719350663268.jpg\" alt=\"Cybernet\">\r\n                                <div class=\"title\">\r\n                                    <div class=\"top\">\r\n                                        \t                                        <i class=\"flaticon-cloud-server\"><\/i>\r\n\t\t\t                            \t\t\t                            \t\t\t                                                                    <h4><a href=\"https:\/\/cybernet.com.co\/index.php\/comando_y_control\/v\">Gobierno<\/a><\/h4>\r\n                                    <\/div>\r\n                                    <a href=\"https:\/\/cybernet.com.co\/index.php\/comando_y_control\/v\"><i class=\"fas fa-arrow-right\"><\/i><\/a>\r\n                                <\/div>\r\n                                <div class=\"overlay text-center\">\r\n                                    <div class=\"content\">\r\n                                        \t                                        <i class=\"flaticon-cloud-server\"><\/i>\r\n\t\t\t                            \t\t\t                            \t\t\t                                                                    <h4><a href=\"https:\/\/cybernet.com.co\/index.php\/comando_y_control\/v\">Gobierno<\/a><\/h4>\r\n                                        <p>\r\n                                                                                    <\/p>\r\n                                    <\/div>\r\n                                <\/div>\r\n                            <\/div>\r\n                        <\/div>\r\n                    <\/div>\r\n                    <!-- End Single Item -->\r\n                                        <!-- Single Item -->\r\n                    <div class=\"col-xl-4 col-md-6 choose-us-card-two\">\r\n                        <div class=\"choose-us-style-two\">\r\n                            <div class=\"thumb\">\r\n                                <img decoding=\"async\" src=\"https:\/\/cybernet.com.co\/wp-content\/uploads\/2024\/06\/pub-e1719350663268.jpg\" alt=\"Cybernet\">\r\n                                <div class=\"title\">\r\n                                    <div class=\"top\">\r\n                                        \t                                        <i class=\"flaticon-laptop\"><\/i>\r\n\t\t\t                            \t\t\t                            \t\t\t                                                                    <h4><a href=\"https:\/\/cybernet.com.co\/index.php\/comando_y_control\/\">Entidades Privadas<\/a><\/h4>\r\n                                    <\/div>\r\n                                    <a href=\"https:\/\/cybernet.com.co\/index.php\/comando_y_control\/\"><i class=\"fas fa-arrow-right\"><\/i><\/a>\r\n                                <\/div>\r\n                                <div class=\"overlay text-center\">\r\n                                    <div class=\"content\">\r\n                                        \t                                        <i class=\"flaticon-laptop\"><\/i>\r\n\t\t\t                            \t\t\t                            \t\t\t                                                                    <h4><a href=\"https:\/\/cybernet.com.co\/index.php\/comando_y_control\/\">Entidades Privadas<\/a><\/h4>\r\n                                        <p>\r\n                                                                                    <\/p>\r\n                                    <\/div>\r\n                                <\/div>\r\n                            <\/div>\r\n                        <\/div>\r\n                    <\/div>\r\n                    <!-- End Single Item -->\r\n                                        <!-- Single Item -->\r\n                    <div class=\"col-xl-4 col-md-6 choose-us-card-two\">\r\n                        <div class=\"choose-us-style-two\">\r\n                            <div class=\"thumb\">\r\n                                <img decoding=\"async\" src=\"https:\/\/cybernet.com.co\/wp-content\/uploads\/2024\/06\/pub-e1719350663268.jpg\" alt=\"Cybernet\">\r\n                                <div class=\"title\">\r\n                                    <div class=\"top\">\r\n                                        \t                                        <i class=\"flaticon-augmented-reality\"><\/i>\r\n\t\t\t                            \t\t\t                            \t\t\t                                                                    <h4><a href=\"https:\/\/cybernet.com.co\/index.php\/comando_y_control\/\">Entidades P\u00fablicas<\/a><\/h4>\r\n                                    <\/div>\r\n                                    <a href=\"https:\/\/cybernet.com.co\/index.php\/comando_y_control\/\"><i class=\"fas fa-arrow-right\"><\/i><\/a>\r\n                                <\/div>\r\n                                <div class=\"overlay text-center\">\r\n                                    <div class=\"content\">\r\n                                        \t                                        <i class=\"flaticon-augmented-reality\"><\/i>\r\n\t\t\t                            \t\t\t                            \t\t\t                                                                    <h4><a href=\"https:\/\/cybernet.com.co\/index.php\/comando_y_control\/\">Entidades P\u00fablicas<\/a><\/h4>\r\n                                        <p>\r\n                                                                                    <\/p>\r\n                                    <\/div>\r\n                                <\/div>\r\n                            <\/div>\r\n                        <\/div>\r\n                    <\/div>\r\n                    <!-- End Single Item -->\r\n                                    <\/div>\r\n            <\/div>\r\n        <\/div>\r\n    <\/div>\r\n    <!-- End Choose Us Style Two -->\r\n\t\t\t<\/div>\n\t\t\t\t<\/div>\n\t\t\t\t\t<\/div>\n\t\t<\/div>\n\t\t\t\t\t<\/div>\n\t\t<\/section>\n\t\t\t\t<\/div>\n\t\t","protected":false},"excerpt":{"rendered":"<p>Salas Operacionales Una necesidad en la Atenci\u00f3n de emergencias Las salas operacionales son centros neur\u00e1lgicos para la toma de decisiones y la gesti\u00f3n de operaciones complejas. \u2022 Dise\u00f1o ergon\u00f3mico y funcional del espacio \u2022 Integraci\u00f3n de sistemas de visualizaci\u00f3n y comunicaci\u00f3n \u2022 Implementaci\u00f3n de tecnolog\u00edas de colaboraci\u00f3n \u2022 Desarrollo de flujos de trabajo eficientes Tecnolog\u00edas [&hellip;]<\/p>\n","protected":false},"author":1,"featured_media":0,"parent":0,"menu_order":0,"comment_status":"closed","ping_status":"closed","template":"page-template\/crystal-template.php","meta":{"footnotes":""},"class_list":["post-459","page","type-page","status-publish","hentry"],"_links":{"self":[{"href":"https:\/\/cybernet.com.co\/index.php\/wp-json\/wp\/v2\/pages\/459","targetHints":{"allow":["GET"]}}],"collection":[{"href":"https:\/\/cybernet.com.co\/index.php\/wp-json\/wp\/v2\/pages"}],"about":[{"href":"https:\/\/cybernet.com.co\/index.php\/wp-json\/wp\/v2\/types\/page"}],"author":[{"embeddable":true,"href":"https:\/\/cybernet.com.co\/index.php\/wp-json\/wp\/v2\/users\/1"}],"replies":[{"embeddable":true,"href":"https:\/\/cybernet.com.co\/index.php\/wp-json\/wp\/v2\/comments?post=459"}],"version-history":[{"count":23,"href":"https:\/\/cybernet.com.co\/index.php\/wp-json\/wp\/v2\/pages\/459\/revisions"}],"predecessor-version":[{"id":4331,"href":"https:\/\/cybernet.com.co\/index.php\/wp-json\/wp\/v2\/pages\/459\/revisions\/4331"}],"wp:attachment":[{"href":"https:\/\/cybernet.com.co\/index.php\/wp-json\/wp\/v2\/media?parent=459"}],"curies":[{"name":"wp","href":"https:\/\/api.w.org\/{rel}","templated":true}]}}