{"id":1965,"date":"2022-08-19T19:29:29","date_gmt":"2022-08-19T19:29:29","guid":{"rendered":"https:\/\/validthemes.net\/themeforest\/wp\/crysa\/?page_id=1965"},"modified":"2024-08-23T19:38:29","modified_gmt":"2024-08-23T19:38:29","slug":"atencion_a_emergencias","status":"publish","type":"page","link":"https:\/\/cybernet.com.co\/index.php\/atencion_a_emergencias\/","title":{"rendered":"Software para Atenci\u00f3n a Emergencias"},"content":{"rendered":"\t\t<div data-elementor-type=\"wp-page\" data-elementor-id=\"1965\" class=\"elementor elementor-1965\" data-elementor-post-type=\"page\">\n\t\t\t\t\t\t<section class=\"elementor-section elementor-top-section elementor-element elementor-element-f067543 elementor-section-full_width elementor-section-stretched elementor-section-height-default elementor-section-height-default\" data-id=\"f067543\" data-element_type=\"section\" id=\"home\" data-settings=\"{&quot;stretch_section&quot;:&quot;section-stretched&quot;}\">\n\t\t\t\t\t\t<div class=\"elementor-container elementor-column-gap-no\">\n\t\t\t\t\t<div class=\"elementor-column elementor-col-100 elementor-top-column elementor-element elementor-element-a73534a\" data-id=\"a73534a\" data-element_type=\"column\">\n\t\t\t<div class=\"elementor-widget-wrap elementor-element-populated\">\n\t\t\t\t\t\t<div class=\"elementor-element elementor-element-853a01a elementor-widget elementor-widget-crysa_slider\" data-id=\"853a01a\" data-element_type=\"widget\" data-widget_type=\"crysa_slider.default\">\n\t\t\t\t<div class=\"elementor-widget-container\">\n\t\t\t\t<!-- Start Banner Area Six\r\n    ============================================= -->\r\n    <div class=\"banner-style-six-area\" style=\"background-image: url(https:\/\/validthemes.net\/themeforest\/wp\/crysa\/wp-content\/uploads\/2022\/08\/43.png);\">\r\n        <div class=\"animate-shape\">\r\n            <img decoding=\"async\" src=\"https:\/\/validthemes.net\/themeforest\/wp\/crysa\/wp-content\/uploads\/2022\/08\/border-shape.svg\" alt=\"Cybernet\">\r\n        <\/div>\r\n        <div class=\"container\">\r\n            <div class=\"banner-items\">\r\n                <div class=\"row align-center\">\r\n                    <div class=\"col-lg-6 banner-style-six\">\r\n                        <div class=\"info\">\r\n                            <h4>CYBERNET<\/h4>\r\n                            <h2><strong>SOFTWARE<\/strong>PARA ATENCI\u00d3N A EMERGENCIAS<\/h2>\r\n                            <p>\r\n                                Nos especializamos en la implementaci\u00f3n y manejo de sistemas para responder a crisis. Ofrecemos plataformas avanzadas de gesti\u00f3n de llamadas de emergencia                             <\/p>\r\n                                                        <div class=\"button\">\r\n                                <a class=\"btn mt-20 circle btn-gradient btn-md radius animation\" href=\"https:\/\/cybernet.com.co\/index.php\/contacto\/\">Contacto<\/a>\r\n                            <\/div>\r\n                        \t                        <\/div>\r\n                    <\/div>\r\n                    <div class=\"col-lg-6 banner-style-six\">\r\n                        <div class=\"thumb\">\r\n                            <img decoding=\"async\" src=\"https:\/\/cybernet.com.co\/wp-content\/uploads\/2024\/07\/pngtree-laptop-mockup-png-image_6176793.png\" alt=\"Cybernet\">\r\n                            <img decoding=\"async\" src=\"https:\/\/validthemes.net\/themeforest\/wp\/crysa\/wp-content\/uploads\/2022\/08\/44.png\" alt=\"Cybernet\">\r\n                        <\/div>\r\n                    <\/div>\r\n                <\/div>\r\n            <\/div>\r\n        <\/div>\r\n    <\/div>\r\n    <!-- End Banner Six -->\r\n    \t\t<\/div>\n\t\t\t\t<\/div>\n\t\t\t\t\t<\/div>\n\t\t<\/div>\n\t\t\t\t\t<\/div>\n\t\t<\/section>\n\t\t\t\t<section class=\"elementor-section elementor-top-section elementor-element elementor-element-de70a11 elementor-section-full_width elementor-section-stretched elementor-section-height-default elementor-section-height-default\" data-id=\"de70a11\" data-element_type=\"section\" data-settings=\"{&quot;stretch_section&quot;:&quot;section-stretched&quot;,&quot;background_background&quot;:&quot;classic&quot;}\">\n\t\t\t\t\t\t\t<div class=\"elementor-background-overlay\"><\/div>\n\t\t\t\t\t\t\t<div class=\"elementor-container elementor-column-gap-no\">\n\t\t\t\t\t<div class=\"elementor-column elementor-col-100 elementor-top-column elementor-element elementor-element-79f89cb\" data-id=\"79f89cb\" data-element_type=\"column\">\n\t\t\t<div class=\"elementor-widget-wrap elementor-element-populated\">\n\t\t\t\t\t\t<div class=\"elementor-element elementor-element-07e6834 elementor-widget elementor-widget-crysa_choose\" data-id=\"07e6834\" data-element_type=\"widget\" data-widget_type=\"crysa_choose.default\">\n\t\t\t\t<div class=\"elementor-widget-container\">\n\t\t\t\t<!-- Start Why Choose Us Style One\r\n    ============================================= -->\r\n    <div class=\"choose-us-area\">\r\n        <div class=\"container\">\r\n            <div class=\"row\">\r\n                <div class=\"choose-us-style-one col-xl-5 col-lg-5\">\r\n                    <h4 class=\"sub-heading\"><\/h4>\r\n                    <h2 class=\"heading\">\nNuestro objetivo es dar<br>\nlo mejor a nuestros clientes<\/h2>\r\n                    <p class=\"mb--5\">Nos dedicamos a superar expectativas, ofreciendo calidad superior y atenci\u00f3n personalizada en cada interacci\u00f3n. Su satisfacci\u00f3n es nuestra prioridad.\n<\/p>\r\n                                    <\/div>\r\n                <div class=\"choose-us-style-one text-center col-xl-6 offset-xl-1 col-lg-7\">\r\n                    <div class=\"right-item\">\r\n                        <div class=\"row\">\r\n                        \t                            <!-- Signle Item -->\r\n                            <div class=\"choose-us-card col-md-6\">\r\n                                <div class=\"item\">\r\n                                    \t\t\t                            \t\t\t                                <img decoding=\"async\" src=\"https:\/\/cybernet.com.co\/wp-content\/uploads\/2022\/06\/1-1.png\" alt=\"Cybernet\">\r\n\t\t\t                            \t\t\t                                                                <span>Bases de datos<\/span>\r\n                                    <h4>Bases de datos seguras 100%<\/h4>\r\n                                    <a href=\"\"><\/a>\r\n                                <\/div>\r\n                            <\/div>\r\n                            <!-- End Signle Item -->\r\n                                                        <!-- Signle Item -->\r\n                            <div class=\"choose-us-card col-md-6\">\r\n                                <div class=\"item\">\r\n                                    \t\t\t                            \t\t\t                                <img decoding=\"async\" src=\"https:\/\/cybernet.com.co\/wp-content\/uploads\/2022\/06\/2.png\" alt=\"Cybernet\">\r\n\t\t\t                            \t\t\t                                                                <span>SOPORTE 24\/7<\/span>\r\n                                    <h4>Profesional y en tiempo<\/h4>\r\n                                    <a href=\"\"><\/a>\r\n                                <\/div>\r\n                            <\/div>\r\n                            <!-- End Signle Item -->\r\n                                                    <\/div>\r\n                    <\/div>\r\n                <\/div>\r\n            <\/div>\r\n        <\/div>\r\n    <\/div>\r\n    <!-- End Why Choose Us Style One -->\r\n\t\t\t<\/div>\n\t\t\t\t<\/div>\n\t\t\t\t\t<\/div>\n\t\t<\/div>\n\t\t\t\t\t<\/div>\n\t\t<\/section>\n\t\t\t\t<section class=\"elementor-section elementor-top-section elementor-element elementor-element-4f0e9cb elementor-section-full_width elementor-section-stretched text-light elementor-section-height-default elementor-section-height-default\" data-id=\"4f0e9cb\" data-element_type=\"section\" data-settings=\"{&quot;stretch_section&quot;:&quot;section-stretched&quot;,&quot;background_background&quot;:&quot;classic&quot;}\">\n\t\t\t\t\t\t<div class=\"elementor-container elementor-column-gap-no\">\n\t\t\t\t\t<div class=\"elementor-column elementor-col-100 elementor-top-column elementor-element elementor-element-cac841e\" data-id=\"cac841e\" data-element_type=\"column\">\n\t\t\t<div class=\"elementor-widget-wrap elementor-element-populated\">\n\t\t\t\t\t\t<section class=\"elementor-section elementor-inner-section elementor-element elementor-element-2ca5335 elementor-section-content-middle elementor-section-boxed elementor-section-height-default elementor-section-height-default\" data-id=\"2ca5335\" data-element_type=\"section\">\n\t\t\t\t\t\t<div class=\"elementor-container elementor-column-gap-no\">\n\t\t\t\t\t<div class=\"elementor-column elementor-col-50 elementor-inner-column elementor-element elementor-element-eb309e1\" data-id=\"eb309e1\" data-element_type=\"column\">\n\t\t\t<div class=\"elementor-widget-wrap elementor-element-populated\">\n\t\t\t\t\t\t<div class=\"elementor-element elementor-element-d162402 elementor-widget elementor-widget-crysa_process_img\" data-id=\"d162402\" data-element_type=\"widget\" data-widget_type=\"crysa_process_img.default\">\n\t\t\t\t<div class=\"elementor-widget-container\">\n\t\t\t\t<!-- Start Processs Image\r\n    ============================================= -->\r\n    <div class=\"process-style-one\">\r\n        <div class=\"thumb\">\r\n            <img decoding=\"async\" src=\"https:\/\/cybernet.com.co\/wp-content\/uploads\/2022\/06\/3-1.png\" alt=\"Cybernet\">\r\n        <\/div>\r\n    <\/div>\r\n    <!-- End Processs Image -->\r\n    \t\t<\/div>\n\t\t\t\t<\/div>\n\t\t\t\t\t<\/div>\n\t\t<\/div>\n\t\t\t\t<div class=\"elementor-column elementor-col-50 elementor-inner-column elementor-element elementor-element-649810b\" data-id=\"649810b\" data-element_type=\"column\">\n\t\t\t<div class=\"elementor-widget-wrap elementor-element-populated\">\n\t\t\t\t\t\t<div class=\"elementor-element elementor-element-8e1f487 elementor-widget elementor-widget-crysa_process\" data-id=\"8e1f487\" data-element_type=\"widget\" data-widget_type=\"crysa_process.default\">\n\t\t\t\t<div class=\"elementor-widget-container\">\n\t\t\t\t<!-- Start Processs Style \r\n    ============================================= -->\r\n    <div class=\"processs-style-one\">\r\n        <h4 class=\"sub-heading\">NUESTRAS SOLUCIONES<\/h4>\r\n        <h2 class=\"heading\">\u00bfC\u00f3mo gestionamos los <br> servicios TI para su industria?<\/h2>\r\n        <ul class=\"process-list\">\r\n        \t                <li>\r\n                                                                <img decoding=\"async\" src=\"https:\/\/cybernet.com.co\/wp-content\/uploads\/2022\/06\/arrow.png\" alt=\"Cybernet\">\r\n                                                            <h4>Reciba un plan personalizado<\/h4>\r\n                    <p>\r\n                        Estrategia \u00fanica dise\u00f1ada para usted. Soluciones adaptadas a sus objetivos y necesidades espec\u00edficas.                    <\/p>\r\n                <\/li>\r\n           \t                <li>\r\n                                                                <img decoding=\"async\" src=\"https:\/\/cybernet.com.co\/wp-content\/uploads\/2022\/06\/arrow.png\" alt=\"Cybernet\">\r\n                                                            <h4>Hecha para sus necesidades<\/h4>\r\n                    <p>\r\n                        Servicio adaptado que encaja exactamente con sus demandas y situaci\u00f3n particular.                    <\/p>\r\n                <\/li>\r\n           \t        <\/ul>\r\n        <div class=\"single-kit mt-30\">\r\n        \t            <div class=\"call\">\r\n                <div class=\"icon\">\r\n                                            <i class=\"flaticon-mail\"><\/i>\r\n                                                                            <\/div>\r\n                <div class=\"info\">\r\n                    <p>\u00bfTienes preguntas?<\/p><p>info@cybernet.com.co<\/p>                <\/div>\r\n            <\/div>\r\n                                <\/div>\r\n    <\/div>\r\n    <!-- End Processs Style -->\r\n    \t\t<\/div>\n\t\t\t\t<\/div>\n\t\t\t\t\t<\/div>\n\t\t<\/div>\n\t\t\t\t\t<\/div>\n\t\t<\/section>\n\t\t\t\t\t<\/div>\n\t\t<\/div>\n\t\t\t\t\t<\/div>\n\t\t<\/section>\n\t\t\t\t<\/div>\n\t\t","protected":false},"excerpt":{"rendered":"<p>CYBERNET SOFTWAREPARA ATENCI\u00d3N A EMERGENCIAS Nos especializamos en la implementaci\u00f3n y manejo de sistemas para responder a crisis. Ofrecemos plataformas avanzadas de gesti\u00f3n de llamadas de emergencia Contacto Nuestro objetivo es dar lo mejor a nuestros clientes Nos dedicamos a superar expectativas, ofreciendo calidad superior y atenci\u00f3n personalizada en cada interacci\u00f3n. Su satisfacci\u00f3n es nuestra [&hellip;]<\/p>\n","protected":false},"author":1,"featured_media":0,"parent":0,"menu_order":0,"comment_status":"closed","ping_status":"closed","template":"elementor_header_footer","meta":{"footnotes":""},"class_list":["post-1965","page","type-page","status-publish","hentry"],"_links":{"self":[{"href":"https:\/\/cybernet.com.co\/index.php\/wp-json\/wp\/v2\/pages\/1965","targetHints":{"allow":["GET"]}}],"collection":[{"href":"https:\/\/cybernet.com.co\/index.php\/wp-json\/wp\/v2\/pages"}],"about":[{"href":"https:\/\/cybernet.com.co\/index.php\/wp-json\/wp\/v2\/types\/page"}],"author":[{"embeddable":true,"href":"https:\/\/cybernet.com.co\/index.php\/wp-json\/wp\/v2\/users\/1"}],"replies":[{"embeddable":true,"href":"https:\/\/cybernet.com.co\/index.php\/wp-json\/wp\/v2\/comments?post=1965"}],"version-history":[{"count":17,"href":"https:\/\/cybernet.com.co\/index.php\/wp-json\/wp\/v2\/pages\/1965\/revisions"}],"predecessor-version":[{"id":4340,"href":"https:\/\/cybernet.com.co\/index.php\/wp-json\/wp\/v2\/pages\/1965\/revisions\/4340"}],"wp:attachment":[{"href":"https:\/\/cybernet.com.co\/index.php\/wp-json\/wp\/v2\/media?parent=1965"}],"curies":[{"name":"wp","href":"https:\/\/api.w.org\/{rel}","templated":true}]}}